[INFO] cloning repository https://github.com/storyfeet/shoehorn_cards
[INFO] running `Command { std: "git" "-c" "credential.helper=" "-c" "credential.helper=/workspace/cargo-home/bin/git-credential-null" "clone" "--bare" "https://github.com/storyfeet/shoehorn_cards" "/workspace/cache/git-repos/https%3A%2F%2Fgithub.com%2Fstoryfeet%2Fshoehorn_cards", kill_on_drop: false }`
[INFO] [stderr] Cloning into bare repository '/workspace/cache/git-repos/https%3A%2F%2Fgithub.com%2Fstoryfeet%2Fshoehorn_cards'...
[INFO] running `Command { std: "git" "rev-parse" "HEAD", kill_on_drop: false }`
[INFO] [stdout] 25b2f4d6169d125e1e7eaaee14f65b2ad7559374
[INFO] checking storyfeet/shoehorn_cards against try#72f88fc4e9458f89516a0b8b0868f3718aec5b47 for pr-74989
[INFO] running `Command { std: "git" "clone" "/workspace/cache/git-repos/https%3A%2F%2Fgithub.com%2Fstoryfeet%2Fshoehorn_cards" "/workspace/builds/worker-6/source", kill_on_drop: false }`
[INFO] [stderr] Cloning into '/workspace/builds/worker-6/source'...
[INFO] [stderr] done.
[INFO] validating manifest of git repo https://github.com/storyfeet/shoehorn_cards on toolchain 72f88fc4e9458f89516a0b8b0868f3718aec5b47
[INFO] running `Command { std: "/workspace/cargo-home/bin/cargo" "+72f88fc4e9458f89516a0b8b0868f3718aec5b47" "read-manifest" "--manifest-path" "Cargo.toml", kill_on_drop: false }`
[INFO] started tweaking git repo https://github.com/storyfeet/shoehorn_cards
[INFO] removed path dependency lazy_conf from git repo https://github.com/storyfeet/shoehorn_cards
[INFO] removed path dependency mksvg from git repo https://github.com/storyfeet/shoehorn_cards
[INFO] finished tweaking git repo https://github.com/storyfeet/shoehorn_cards
[INFO] tweaked toml for git repo https://github.com/storyfeet/shoehorn_cards written to /workspace/builds/worker-6/source/Cargo.toml
[INFO] crate git repo https://github.com/storyfeet/shoehorn_cards already has a lockfile, it will not be regenerated
[INFO] running `Command { std: "/workspace/cargo-home/bin/cargo" "+72f88fc4e9458f89516a0b8b0868f3718aec5b47" "fetch" "--locked" "--manifest-path" "Cargo.toml", kill_on_drop: false }`
[INFO] [stderr] warning: dependency (lazy_conf) specified without providing a local path, Git repository, or version to use. This will be considered an error in future versions
[INFO] [stderr] warning: dependency (mksvg) specified without providing a local path, Git repository, or version to use. This will be considered an error in future versions
[INFO] [stderr]     Updating crates.io index
[INFO] [stderr] error: the lock file /workspace/builds/worker-6/source/Cargo.lock needs to be updated but --locked was passed to prevent this
[INFO] [stderr] If you want to try to generate the lock file without accessing the network, use the --offline flag.
[INFO] the lockfile is outdated, regenerating it
[INFO] running `Command { std: "/workspace/cargo-home/bin/cargo" "+72f88fc4e9458f89516a0b8b0868f3718aec5b47" "generate-lockfile" "--manifest-path" "Cargo.toml" "-Zno-index-update", kill_on_drop: false }`
[INFO] running `Command { std: "/workspace/cargo-home/bin/cargo" "+72f88fc4e9458f89516a0b8b0868f3718aec5b47" "fetch" "--locked" "--manifest-path" "Cargo.toml", kill_on_drop: false }`
[INFO] [stderr] warning: dependency (lazy_conf) specified without providing a local path, Git repository, or version to use. This will be considered an error in future versions
[INFO] [stderr] warning: dependency (mksvg) specified without providing a local path, Git repository, or version to use. This will be considered an error in future versions
[INFO] running `Command { std: "docker" "create" "-v" "/var/lib/crater-agent-workspace/builds/worker-6/target:/opt/rustwide/target:rw,Z" "-v" "/var/lib/crater-agent-workspace/builds/worker-6/source:/opt/rustwide/workdir:ro,Z" "-v" "/var/lib/crater-agent-workspace/cargo-home:/opt/rustwide/cargo-home:ro,Z" "-v" "/var/lib/crater-agent-workspace/rustup-home:/opt/rustwide/rustup-home:ro,Z" "-e" "SOURCE_DIR=/opt/rustwide/workdir" "-e" "CARGO_TARGET_DIR=/opt/rustwide/target" "-e" "CARGO_HOME=/opt/rustwide/cargo-home" "-e" "RUSTUP_HOME=/opt/rustwide/rustup-home" "-w" "/opt/rustwide/workdir" "-m" "1610612736" "--user" "0:0" "--network" "none" "rustops/crates-build-env@sha256:d92eaeed33fa75130ca1ee6c8a01d1ffb62bac859dfdfb3450e3e5d1c0146529" "/opt/rustwide/cargo-home/bin/cargo" "+72f88fc4e9458f89516a0b8b0868f3718aec5b47" "metadata" "--no-deps" "--format-version=1", kill_on_drop: false }`
[INFO] [stderr] WARNING: Your kernel does not support swap limit capabilities or the cgroup is not mounted. Memory limited without swap.
[INFO] [stdout] dcbb42a3622b988ecc263f84a2f4ecd8660acde47cee905168974bd8650bb55f
[INFO] running `Command { std: "docker" "start" "-a" "dcbb42a3622b988ecc263f84a2f4ecd8660acde47cee905168974bd8650bb55f", kill_on_drop: false }`
[INFO] running `Command { std: "docker" "inspect" "dcbb42a3622b988ecc263f84a2f4ecd8660acde47cee905168974bd8650bb55f", kill_on_drop: false }`
[INFO] running `Command { std: "docker" "rm" "-f" "dcbb42a3622b988ecc263f84a2f4ecd8660acde47cee905168974bd8650bb55f", kill_on_drop: false }`
[INFO] [stdout] dcbb42a3622b988ecc263f84a2f4ecd8660acde47cee905168974bd8650bb55f
[INFO] running `Command { std: "docker" "create" "-v" "/var/lib/crater-agent-workspace/builds/worker-6/target:/opt/rustwide/target:rw,Z" "-v" "/var/lib/crater-agent-workspace/builds/worker-6/source:/opt/rustwide/workdir:ro,Z" "-v" "/var/lib/crater-agent-workspace/cargo-home:/opt/rustwide/cargo-home:ro,Z" "-v" "/var/lib/crater-agent-workspace/rustup-home:/opt/rustwide/rustup-home:ro,Z" "-e" "SOURCE_DIR=/opt/rustwide/workdir" "-e" "CARGO_TARGET_DIR=/opt/rustwide/target" "-e" "CARGO_INCREMENTAL=0" "-e" "RUST_BACKTRACE=full" "-e" "RUSTFLAGS=--cap-lints=forbid" "-e" "CARGO_HOME=/opt/rustwide/cargo-home" "-e" "RUSTUP_HOME=/opt/rustwide/rustup-home" "-w" "/opt/rustwide/workdir" "-m" "1610612736" "--user" "0:0" "--network" "none" "rustops/crates-build-env@sha256:d92eaeed33fa75130ca1ee6c8a01d1ffb62bac859dfdfb3450e3e5d1c0146529" "/opt/rustwide/cargo-home/bin/cargo" "+72f88fc4e9458f89516a0b8b0868f3718aec5b47" "check" "--frozen" "--all" "--all-targets" "--message-format=json", kill_on_drop: false }`
[INFO] [stdout] 826978812e087296295ec2cb989ee72e1dfca2df23000af57a9d547b4421752c
[INFO] [stderr] WARNING: Your kernel does not support swap limit capabilities or the cgroup is not mounted. Memory limited without swap.
[INFO] running `Command { std: "docker" "start" "-a" "826978812e087296295ec2cb989ee72e1dfca2df23000af57a9d547b4421752c", kill_on_drop: false }`
[INFO] [stderr] warning: dependency (lazy_conf) specified without providing a local path, Git repository, or version to use. This will be considered an error in future versions
[INFO] [stderr] warning: dependency (mksvg) specified without providing a local path, Git repository, or version to use. This will be considered an error in future versions
[INFO] [stderr]    Compiling autocfg v1.0.1
[INFO] [stderr]    Compiling libc v0.2.77
[INFO] [stderr]    Compiling proc-macro2 v1.0.21
[INFO] [stderr]    Compiling unicode-xid v0.2.1
[INFO] [stderr]    Compiling syn v1.0.41
[INFO] [stderr]    Compiling anyhow v1.0.32
[INFO] [stderr]    Compiling bitflags v1.2.1
[INFO] [stderr]     Checking unicode-width v0.1.8
[INFO] [stderr]     Checking vec_map v0.8.2
[INFO] [stderr]     Checking strsim v0.8.0
[INFO] [stderr]     Checking ansi_term v0.11.0
[INFO] [stderr]     Checking lazy_conf v0.1.1
[INFO] [stderr]     Checking textwrap v0.11.0
[INFO] [stderr]    Compiling num-traits v0.2.12
[INFO] [stderr]    Compiling num-integer v0.1.43
[INFO] [stderr]    Compiling num-iter v0.1.41
[INFO] [stderr]    Compiling quote v1.0.7
[INFO] [stderr]     Checking rand v0.4.6
[INFO] [stderr]     Checking atty v0.2.14
[INFO] [stderr]     Checking clap v2.33.3
[INFO] [stderr]     Checking num-complex v0.1.43
[INFO] [stderr]     Checking num-bigint v0.1.44
[INFO] [stderr]     Checking num-rational v0.1.42
[INFO] [stderr]     Checking num v0.1.42
[INFO] [stderr]    Compiling thiserror-impl v1.0.20
[INFO] [stderr]     Checking thiserror v1.0.20
[INFO] [stderr]     Checking mksvg v0.3.0
[INFO] [stderr]     Checking shoehorn_cards v0.1.0 (/opt/rustwide/workdir)
[INFO] [stdout] error[E0432]: unresolved import `mksvg::Card`
[INFO] [stdout]  --> src/card_type.rs:1:13
[INFO] [stdout]   |
[INFO] [stdout] 1 | use mksvg::{Card, SvgArg, SvgWrite, Tag, Text};
[INFO] [stdout]   |             ^^^^ no `Card` in the root
[INFO] [stdout] 
[INFO] [stdout] 
[INFO] [stdout] error[E0432]: unresolved import `mksvg::Card`
[INFO] [stdout]  --> src/card_front.rs:3:19
[INFO] [stdout]   |
[INFO] [stdout] 3 | use mksvg::{text, Card, SvgArg, SvgWrite, Tag, Text};
[INFO] [stdout]   |                   ^^^^ no `Card` in the root
[INFO] [stdout] 
[INFO] [stdout] 
[INFO] [stdout] error[E0425]: cannot find function `pages_a4` in module `page`
[INFO] [stdout]   --> src/main.rs:48:24
[INFO] [stdout]    |
[INFO] [stdout] 48 |     let f_locs = page::pages_a4(fbase, 4, 4, &cards);
[INFO] [stdout]    |                        ^^^^^^^^ not found in `page`
[INFO] [stdout] 
[INFO] [stdout] 
[INFO] [stdout] error[E0425]: cannot find function `pages_a4` in module `page`
[INFO] [stdout]   --> src/main.rs:52:24
[INFO] [stdout]    |
[INFO] [stdout] 52 |     let b_locs = page::pages_a4(bbase, 4, 4, &cbacks);
[INFO] [stdout]    |                        ^^^^^^^^ not found in `page`
[INFO] [stdout] 
[INFO] [stdout] 
[INFO] [stdout] error: aborting due to 4 previous errors
[INFO] [stdout] 
[INFO] [stdout] 
[INFO] [stdout] Some errors have detailed explanations: E0425, E0432.
[INFO] [stdout] 
[INFO] [stdout] For more information about an error, try `rustc --explain E0425`.
[INFO] [stdout] 
[INFO] [stderr] error: could not compile `shoehorn_cards`.
[INFO] [stderr] 
[INFO] [stderr] To learn more, run the command again with --verbose.
[INFO] [stderr] warning: build failed, waiting for other jobs to finish...
[INFO] [stdout] error[E0432]: unresolved import `mksvg::Card`
[INFO] [stdout]  --> src/card_type.rs:1:13
[INFO] [stdout]   |
[INFO] [stdout] 1 | use mksvg::{Card, SvgArg, SvgWrite, Tag, Text};
[INFO] [stdout]   |             ^^^^ no `Card` in the root
[INFO] [stdout] 
[INFO] [stdout] 
[INFO] [stdout] error[E0432]: unresolved import `mksvg::Card`
[INFO] [stdout]  --> src/card_front.rs:3:19
[INFO] [stdout]   |
[INFO] [stdout] 3 | use mksvg::{text, Card, SvgArg, SvgWrite, Tag, Text};
[INFO] [stdout]   |                   ^^^^ no `Card` in the root
[INFO] [stdout] 
[INFO] [stdout] 
[INFO] [stdout] error[E0425]: cannot find function `pages_a4` in module `page`
[INFO] [stdout]   --> src/main.rs:48:24
[INFO] [stdout]    |
[INFO] [stdout] 48 |     let f_locs = page::pages_a4(fbase, 4, 4, &cards);
[INFO] [stdout]    |                        ^^^^^^^^ not found in `page`
[INFO] [stdout] 
[INFO] [stdout] 
[INFO] [stdout] error[E0425]: cannot find function `pages_a4` in module `page`
[INFO] [stdout]   --> src/main.rs:52:24
[INFO] [stdout]    |
[INFO] [stdout] 52 |     let b_locs = page::pages_a4(bbase, 4, 4, &cbacks);
[INFO] [stdout]    |                        ^^^^^^^^ not found in `page`
[INFO] [stdout] 
[INFO] [stdout] 
[INFO] [stdout] error: aborting due to 4 previous errors
[INFO] [stdout] 
[INFO] [stdout] 
[INFO] [stdout] Some errors have detailed explanations: E0425, E0432.
[INFO] [stdout] 
[INFO] [stdout] For more information about an error, try `rustc --explain E0425`.
[INFO] [stdout] 
[INFO] [stderr] error: build failed
[INFO] running `Command { std: "docker" "inspect" "826978812e087296295ec2cb989ee72e1dfca2df23000af57a9d547b4421752c", kill_on_drop: false }`
[INFO] running `Command { std: "docker" "rm" "-f" "826978812e087296295ec2cb989ee72e1dfca2df23000af57a9d547b4421752c", kill_on_drop: false }`
[INFO] [stdout] 826978812e087296295ec2cb989ee72e1dfca2df23000af57a9d547b4421752c
